{"id":46,"date":"2024-04-03T16:35:08","date_gmt":"2024-04-03T16:35:08","guid":{"rendered":"https:\/\/arinay.es\/?page_id=46"},"modified":"2024-08-26T21:07:26","modified_gmt":"2024-08-26T21:07:26","slug":"home","status":"publish","type":"page","link":"https:\/\/arinay.es\/","title":{"rendered":"Home"},"content":{"rendered":"\t\t<div data-elementor-type=\"wp-page\" data-elementor-id=\"46\" class=\"elementor elementor-46\">\n\t\t\t\t<div class=\"elementor-element elementor-element-da95915 e-flex e-con-boxed e-con e-parent\" data-id=\"da95915\" data-element_type=\"container\" data-core-v316-plus=\"true\">\n\t\t\t\t\t<div class=\"e-con-inner\">\n\t\t<div class=\"elementor-element elementor-element-f87eb12 e-con-full e-flex e-con e-child\" data-id=\"f87eb12\" data-element_type=\"container\">\n\t\t\t\t<div class=\"elementor-element elementor-element-c3b1438 elementor-widget elementor-widget-text-editor\" data-id=\"c3b1438\" data-element_type=\"widget\" data-widget_type=\"text-editor.default\">\n\t\t\t\t<div class=\"elementor-widget-container\">\n\t\t\t<style>\/*! elementor - v3.20.0 - 10-04-2024 *\/\n.elementor-widget-text-editor.elementor-drop-cap-view-stacked .elementor-drop-cap{background-color:#69727d;color:#fff}.elementor-widget-text-editor.elementor-drop-cap-view-framed .elementor-drop-cap{color:#69727d;border:3px solid;background-color:transparent}.elementor-widget-text-editor:not(.elementor-drop-cap-view-default) .elementor-drop-cap{margin-top:8px}.elementor-widget-text-editor:not(.elementor-drop-cap-view-default) .elementor-drop-cap-letter{width:1em;height:1em}.elementor-widget-text-editor .elementor-drop-cap{float:left;text-align:center;line-height:1;font-size:50px}.elementor-widget-text-editor .elementor-drop-cap-letter{display:inline-block}<\/style>\t\t\t\t<p><strong>Descubre Nuestra Exquisita Gama de Muebles y Dise\u00f1os<\/strong><\/p><p>En Arinay CMD nos enorgullecemos de ofrecerte una selecci\u00f3n cuidadosamente elaborada de muebles y dise\u00f1os que combinan la funcionalidad excepcional con una est\u00e9tica incomparable. Nuestro compromiso con la artesan\u00eda de alta calidad y el dise\u00f1o innovador nos distingue en el mundo de la carpinter\u00eda y el dise\u00f1o de muebles.<\/p><p><strong>Dise\u00f1o Personalizado para Cada Espacio<\/strong><\/p><p>Desde elegantes conjuntos de comedor hasta muebles de sal\u00f3n, en Arinay CMD te ofrecemos muebles que se adaptan a tu estilo de vida y a tus necesidades espec\u00edficas. Nuestro equipo trabaja contigo para capturar tus ideas y transformarlas en piezas de mobiliario \u00fanicas que reflejen tu personalidad y gusto.<\/p>\t\t\t\t\t\t<\/div>\n\t\t\t\t<\/div>\n\t\t\t\t<\/div>\n\t\t<div class=\"elementor-element elementor-element-c41d0dc e-con-full e-flex e-con e-child\" data-id=\"c41d0dc\" data-element_type=\"container\">\n\t\t\t\t<div class=\"elementor-element elementor-element-3c471b5 elementor-widget elementor-widget-image\" data-id=\"3c471b5\" data-element_type=\"widget\" data-widget_type=\"image.default\">\n\t\t\t\t<div class=\"elementor-widget-container\">\n\t\t\t<style>\/*! elementor - v3.20.0 - 10-04-2024 *\/\n.elementor-widget-image{text-align:center}.elementor-widget-image a{display:inline-block}.elementor-widget-image a img[src$=\".svg\"]{width:48px}.elementor-widget-image img{vertical-align:middle;display:inline-block}<\/style>\t\t\t\t\t\t\t\t\t\t<img fetchpriority=\"high\" decoding=\"async\" width=\"1024\" height=\"681\" src=\"https:\/\/arinay.es\/wp-content\/uploads\/2024\/08\/IMG_20240816_144321-1024x681.jpg\" class=\"attachment-large size-large wp-image-193\" alt=\"\" srcset=\"https:\/\/arinay.es\/wp-content\/uploads\/2024\/08\/IMG_20240816_144321-1024x681.jpg 1024w, https:\/\/arinay.es\/wp-content\/uploads\/2024\/08\/IMG_20240816_144321-300x199.jpg 300w, https:\/\/arinay.es\/wp-content\/uploads\/2024\/08\/IMG_20240816_144321-768x511.jpg 768w, https:\/\/arinay.es\/wp-content\/uploads\/2024\/08\/IMG_20240816_144321.jpg 1220w\" sizes=\"(max-width: 1024px) 100vw, 1024px\" \/>\t\t\t\t\t\t\t\t\t\t\t\t\t<\/div>\n\t\t\t\t<\/div>\n\t\t\t\t<\/div>\n\t\t<div class=\"elementor-element elementor-element-beb9690 e-con-full e-flex e-con e-child\" data-id=\"beb9690\" data-element_type=\"container\">\n\t\t\t\t<div class=\"elementor-element elementor-element-bac05d7 elementor-widget elementor-widget-image\" data-id=\"bac05d7\" data-element_type=\"widget\" data-widget_type=\"image.default\">\n\t\t\t\t<div class=\"elementor-widget-container\">\n\t\t\t\t\t\t\t\t\t\t\t\t\t<img decoding=\"async\" width=\"1017\" height=\"992\" src=\"https:\/\/arinay.es\/wp-content\/uploads\/2024\/08\/IMG_20240821_105322.jpg\" class=\"attachment-large size-large wp-image-194\" alt=\"\" srcset=\"https:\/\/arinay.es\/wp-content\/uploads\/2024\/08\/IMG_20240821_105322.jpg 1017w, https:\/\/arinay.es\/wp-content\/uploads\/2024\/08\/IMG_20240821_105322-300x293.jpg 300w, https:\/\/arinay.es\/wp-content\/uploads\/2024\/08\/IMG_20240821_105322-768x749.jpg 768w\" sizes=\"(max-width: 1017px) 100vw, 1017px\" \/>\t\t\t\t\t\t\t\t\t\t\t\t\t<\/div>\n\t\t\t\t<\/div>\n\t\t\t\t<\/div>\n\t\t\t\t<div class=\"elementor-element elementor-element-0a8dd56 elementor-widget elementor-widget-image-gallery\" data-id=\"0a8dd56\" data-element_type=\"widget\" data-widget_type=\"image-gallery.default\">\n\t\t\t\t<div class=\"elementor-widget-container\">\n\t\t\t<style>\/*! elementor - v3.20.0 - 10-04-2024 *\/\n.elementor-image-gallery .gallery-item{display:inline-block;text-align:center;vertical-align:top;width:100%;max-width:100%;margin:0 auto}.elementor-image-gallery .gallery-item img{margin:0 auto}.elementor-image-gallery .gallery-item .gallery-caption{margin:0}.elementor-image-gallery figure img{display:block}.elementor-image-gallery figure figcaption{width:100%}.gallery-spacing-custom .elementor-image-gallery .gallery-icon{padding:0}@media (min-width:768px){.elementor-image-gallery .gallery-columns-2 .gallery-item{max-width:50%}.elementor-image-gallery .gallery-columns-3 .gallery-item{max-width:33.33%}.elementor-image-gallery .gallery-columns-4 .gallery-item{max-width:25%}.elementor-image-gallery .gallery-columns-5 .gallery-item{max-width:20%}.elementor-image-gallery .gallery-columns-6 .gallery-item{max-width:16.666%}.elementor-image-gallery .gallery-columns-7 .gallery-item{max-width:14.28%}.elementor-image-gallery .gallery-columns-8 .gallery-item{max-width:12.5%}.elementor-image-gallery .gallery-columns-9 .gallery-item{max-width:11.11%}.elementor-image-gallery .gallery-columns-10 .gallery-item{max-width:10%}}@media (min-width:480px) and (max-width:767px){.elementor-image-gallery .gallery.gallery-columns-2 .gallery-item,.elementor-image-gallery .gallery.gallery-columns-3 .gallery-item,.elementor-image-gallery .gallery.gallery-columns-4 .gallery-item,.elementor-image-gallery .gallery.gallery-columns-5 .gallery-item,.elementor-image-gallery .gallery.gallery-columns-6 .gallery-item,.elementor-image-gallery .gallery.gallery-columns-7 .gallery-item,.elementor-image-gallery .gallery.gallery-columns-8 .gallery-item,.elementor-image-gallery .gallery.gallery-columns-9 .gallery-item,.elementor-image-gallery .gallery.gallery-columns-10 .gallery-item{max-width:50%}}@media (max-width:479px){.elementor-image-gallery .gallery.gallery-columns-2 .gallery-item,.elementor-image-gallery .gallery.gallery-columns-3 .gallery-item,.elementor-image-gallery .gallery.gallery-columns-4 .gallery-item,.elementor-image-gallery .gallery.gallery-columns-5 .gallery-item,.elementor-image-gallery .gallery.gallery-columns-6 .gallery-item,.elementor-image-gallery .gallery.gallery-columns-7 .gallery-item,.elementor-image-gallery .gallery.gallery-columns-8 .gallery-item,.elementor-image-gallery .gallery.gallery-columns-9 .gallery-item,.elementor-image-gallery .gallery.gallery-columns-10 .gallery-item{max-width:100%}}<\/style>\t\t<div class=\"elementor-image-gallery\">\n\t\t\t<div id='gallery-1' class='gallery galleryid-46 gallery-columns-2 gallery-size-medium'><figure class='gallery-item'>\n\t\t\t<div class='gallery-icon landscape'>\n\t\t\t\t<a data-elementor-open-lightbox=\"yes\" data-elementor-lightbox-slideshow=\"0a8dd56\" data-elementor-lightbox-title=\"IMG_20240617_180011\" data-e-action-hash=\"#elementor-action%3Aaction%3Dlightbox%26settings%3DeyJpZCI6MjAwLCJ1cmwiOiJodHRwczpcL1wvYXJpbmF5LmVzXC93cC1jb250ZW50XC91cGxvYWRzXC8yMDI0XC8wOFwvSU1HXzIwMjQwNjE3XzE4MDAxMS5qcGciLCJzbGlkZXNob3ciOiIwYThkZDU2In0%3D\" href='https:\/\/arinay.es\/wp-content\/uploads\/2024\/08\/IMG_20240617_180011.jpg'><img decoding=\"async\" width=\"300\" height=\"241\" src=\"https:\/\/arinay.es\/wp-content\/uploads\/2024\/08\/IMG_20240617_180011-300x241.jpg\" class=\"attachment-medium size-medium\" alt=\"\" srcset=\"https:\/\/arinay.es\/wp-content\/uploads\/2024\/08\/IMG_20240617_180011-300x241.jpg 300w, https:\/\/arinay.es\/wp-content\/uploads\/2024\/08\/IMG_20240617_180011-1024x822.jpg 1024w, https:\/\/arinay.es\/wp-content\/uploads\/2024\/08\/IMG_20240617_180011-768x616.jpg 768w, https:\/\/arinay.es\/wp-content\/uploads\/2024\/08\/IMG_20240617_180011.jpg 1185w\" sizes=\"(max-width: 300px) 100vw, 300px\" \/><\/a>\n\t\t\t<\/div><\/figure><figure class='gallery-item'>\n\t\t\t<div class='gallery-icon landscape'>\n\t\t\t\t<a data-elementor-open-lightbox=\"yes\" data-elementor-lightbox-slideshow=\"0a8dd56\" data-elementor-lightbox-title=\"IMG_20240820_115439\" data-e-action-hash=\"#elementor-action%3Aaction%3Dlightbox%26settings%3DeyJpZCI6MjA2LCJ1cmwiOiJodHRwczpcL1wvYXJpbmF5LmVzXC93cC1jb250ZW50XC91cGxvYWRzXC8yMDI0XC8wOFwvSU1HXzIwMjQwODIwXzExNTQzOS5qcGciLCJzbGlkZXNob3ciOiIwYThkZDU2In0%3D\" href='https:\/\/arinay.es\/wp-content\/uploads\/2024\/08\/IMG_20240820_115439.jpg'><img loading=\"lazy\" decoding=\"async\" width=\"300\" height=\"201\" src=\"https:\/\/arinay.es\/wp-content\/uploads\/2024\/08\/IMG_20240820_115439-300x201.jpg\" class=\"attachment-medium size-medium\" alt=\"\" srcset=\"https:\/\/arinay.es\/wp-content\/uploads\/2024\/08\/IMG_20240820_115439-300x201.jpg 300w, https:\/\/arinay.es\/wp-content\/uploads\/2024\/08\/IMG_20240820_115439-768x516.jpg 768w, https:\/\/arinay.es\/wp-content\/uploads\/2024\/08\/IMG_20240820_115439.jpg 965w\" sizes=\"(max-width: 300px) 100vw, 300px\" \/><\/a>\n\t\t\t<\/div><\/figure>\n\t\t<\/div>\n\t\t<\/div>\n\t\t\t\t<\/div>\n\t\t\t\t<\/div>\n\t\t\t\t<div class=\"elementor-element elementor-element-8be4618 elementor-widget elementor-widget-image\" data-id=\"8be4618\" data-element_type=\"widget\" data-widget_type=\"image.default\">\n\t\t\t\t<div class=\"elementor-widget-container\">\n\t\t\t\t\t\t\t\t\t\t\t\t\t<img decoding=\"async\" src=\"https:\/\/arinay.es\/wp-content\/uploads\/elementor\/thumbs\/IMG_20240821_130524-qt1iulmwiwk8is4j1q6xuxjbhqqip3f4wi7vqi3w04.jpg\" title=\"IMG_20240821_130524\" alt=\"IMG_20240821_130524\" loading=\"lazy\" \/>\t\t\t\t\t\t\t\t\t\t\t\t\t<\/div>\n\t\t\t\t<\/div>\n\t\t<div class=\"elementor-element elementor-element-05136ef e-con-full e-flex e-con e-child\" data-id=\"05136ef\" data-element_type=\"container\">\n\t\t\t\t<\/div>\n\t\t<div class=\"elementor-element elementor-element-ef21785 e-flex e-con-boxed e-con e-child\" data-id=\"ef21785\" data-element_type=\"container\">\n\t\t\t\t\t<div class=\"e-con-inner\">\n\t\t<div class=\"elementor-element elementor-element-5db3f32 e-con-full e-flex e-con e-child\" data-id=\"5db3f32\" data-element_type=\"container\">\n\t\t\t\t<div class=\"elementor-element elementor-element-3dec111 elementor-widget elementor-widget-text-editor\" data-id=\"3dec111\" data-element_type=\"widget\" data-widget_type=\"text-editor.default\">\n\t\t\t\t<div class=\"elementor-widget-container\">\n\t\t\t\t\t\t\t<p><strong>Explora Nuestros Dise\u00f1os Exclusivos<\/strong><\/p><p>Desde l\u00edneas limpias y contempor\u00e1neas hasta elegantes conjuntos, nuestra colecci\u00f3n de dise\u00f1os abarca una amplia gama de estilos para adaptarse a cualquier hogar o espacio comercial. Ya sea que busques piezas cl\u00e1sicas atemporales o dise\u00f1os vanguardistas, en Arinay CMD encontrar\u00e1s la inspiraci\u00f3n que necesitas para transformar tu espacio.<\/p><p><strong>Invierte en Calidad y Estilo con Arinay CMD<\/strong><\/p><p>No comprometas la calidad ni el estilo cuando se trata de tus muebles. Con Arinay CMD, puedes estar seguro de que est\u00e1s invirtiendo en piezas de mobiliario excepcionales que realzar\u00e1n la belleza de tu hogar u oficina durante a\u00f1os venideros. Descubre nuestra colecci\u00f3n hoy mismo y d\u00e9janos ayudarte a crear el espacio de tus sue\u00f1os.<\/p>\t\t\t\t\t\t<\/div>\n\t\t\t\t<\/div>\n\t\t\t\t<\/div>\n\t\t<div class=\"elementor-element elementor-element-2813ea9 e-con-full e-flex e-con e-child\" data-id=\"2813ea9\" data-element_type=\"container\">\n\t\t\t\t<div class=\"elementor-element elementor-element-aceee97 elementor-widget__width-initial elementor-widget elementor-widget-image\" data-id=\"aceee97\" data-element_type=\"widget\" data-widget_type=\"image.default\">\n\t\t\t\t<div class=\"elementor-widget-container\">\n\t\t\t\t\t\t\t\t\t\t\t\t\t<img loading=\"lazy\" decoding=\"async\" width=\"1151\" height=\"700\" src=\"https:\/\/arinay.es\/wp-content\/uploads\/2024\/08\/IMG_20240821_131937-1151x700.jpg\" class=\"attachment-ocean-thumb-l size-ocean-thumb-l wp-image-212\" alt=\"\" \/>\t\t\t\t\t\t\t\t\t\t\t\t\t<\/div>\n\t\t\t\t<\/div>\n\t\t\t\t<\/div>\n\t\t\t\t\t<\/div>\n\t\t\t\t<\/div>\n\t\t\t\t\t<\/div>\n\t\t\t\t<\/div>\n\t\t<div class=\"elementor-element elementor-element-4d67779 e-flex e-con-boxed e-con e-parent\" data-id=\"4d67779\" data-element_type=\"container\" data-settings=\"{&quot;background_background&quot;:&quot;slideshow&quot;,&quot;background_slideshow_gallery&quot;:[{&quot;id&quot;:81,&quot;url&quot;:&quot;https:\\\/\\\/arinay.es\\\/wp-content\\\/uploads\\\/2024\\\/04\\\/pierre-chatel-innocenti-pxoZSTdAzeU-unsplash-scaled.jpg&quot;}],&quot;background_slideshow_loop&quot;:&quot;yes&quot;,&quot;background_slideshow_slide_duration&quot;:5000,&quot;background_slideshow_slide_transition&quot;:&quot;fade&quot;,&quot;background_slideshow_transition_duration&quot;:500}\" data-core-v316-plus=\"true\">\n\t\t\t\t\t<div class=\"e-con-inner\">\n\t\t<div class=\"elementor-element elementor-element-f02bd4a e-con-full e-flex e-con e-child\" data-id=\"f02bd4a\" data-element_type=\"container\">\n\t\t\t\t<\/div>\n\t\t<div class=\"elementor-element elementor-element-c341e6f e-con-full e-flex e-con e-child\" data-id=\"c341e6f\" data-element_type=\"container\">\n\t\t\t\t<div class=\"elementor-element elementor-element-29f7977 elementor-widget elementor-widget-text-editor\" data-id=\"29f7977\" data-element_type=\"widget\" data-widget_type=\"text-editor.default\">\n\t\t\t\t<div class=\"elementor-widget-container\">\n\t\t\t\t\t\t\t<p>\u00a0<\/p><ul><li><p><strong>Dise\u00f1os que Brillan:<\/strong> En nuestra carpinter\u00eda, cada pieza est\u00e1 dise\u00f1ada para capturar y reflejar la luz, a\u00f1adiendo un toque de magia a tu hogar.<\/p><\/li><li><p><strong>Brillo Natural:<\/strong> En Arinay CMD, combinamos la calidez de la madera con la luz natural para crear ambientes acogedores y elegantes.<\/p><\/li><\/ul>\t\t\t\t\t\t<\/div>\n\t\t\t\t<\/div>\n\t\t\t\t<\/div>\n\t\t\t\t\t<\/div>\n\t\t\t\t<\/div>\n\t\t<div class=\"elementor-element elementor-element-ef07ec5 e-grid e-con-boxed e-con e-parent\" data-id=\"ef07ec5\" data-element_type=\"container\" data-core-v316-plus=\"true\">\n\t\t\t\t\t<div class=\"e-con-inner\">\n\t\t\t\t\t<\/div>\n\t\t\t\t<\/div>\n\t\t\t\t<\/div>\n\t\t","protected":false},"excerpt":{"rendered":"<p>Descubre Nuestra Exquisita Gama de Muebles y Dise\u00f1os En Arinay CMD nos enorgullecemos de ofrecerte una selecci\u00f3n cuidadosamente elaborada de muebles y dise\u00f1os que combinan la funcionalidad excepcional con una est\u00e9tica incomparable. Nuestro compromiso con la artesan\u00eda de alta calidad y el dise\u00f1o innovador nos distingue en el mundo de la carpinter\u00eda y el dise\u00f1o [&hellip;]<\/p>\n","protected":false},"author":1,"featured_media":0,"parent":0,"menu_order":0,"comment_status":"closed","ping_status":"closed","template":"","meta":{"ocean_post_layout":"full-width","ocean_both_sidebars_style":"","ocean_both_sidebars_content_width":0,"ocean_both_sidebars_sidebars_width":0,"ocean_sidebar":"","ocean_second_sidebar":"","ocean_disable_margins":"enable","ocean_add_body_class":"","ocean_shortcode_before_top_bar":"","ocean_shortcode_after_top_bar":"","ocean_shortcode_before_header":"","ocean_shortcode_after_header":"","ocean_has_shortcode":"","ocean_shortcode_after_title":"","ocean_shortcode_before_footer_widgets":"","ocean_shortcode_after_footer_widgets":"","ocean_shortcode_before_footer_bottom":"","ocean_shortcode_after_footer_bottom":"","ocean_display_top_bar":"default","ocean_display_header":"default","ocean_header_style":"","ocean_center_header_left_menu":"","ocean_custom_header_template":"","ocean_custom_logo":0,"ocean_custom_retina_logo":0,"ocean_custom_logo_max_width":0,"ocean_custom_logo_tablet_max_width":0,"ocean_custom_logo_mobile_max_width":0,"ocean_custom_logo_max_height":0,"ocean_custom_logo_tablet_max_height":0,"ocean_custom_logo_mobile_max_height":0,"ocean_header_custom_menu":"","ocean_menu_typo_font_family":"","ocean_menu_typo_font_subset":"","ocean_menu_typo_font_size":0,"ocean_menu_typo_font_size_tablet":0,"ocean_menu_typo_font_size_mobile":0,"ocean_menu_typo_font_size_unit":"px","ocean_menu_typo_font_weight":"","ocean_menu_typo_font_weight_tablet":"","ocean_menu_typo_font_weight_mobile":"","ocean_menu_typo_transform":"","ocean_menu_typo_transform_tablet":"","ocean_menu_typo_transform_mobile":"","ocean_menu_typo_line_height":0,"ocean_menu_typo_line_height_tablet":0,"ocean_menu_typo_line_height_mobile":0,"ocean_menu_typo_line_height_unit":"","ocean_menu_typo_spacing":0,"ocean_menu_typo_spacing_tablet":0,"ocean_menu_typo_spacing_mobile":0,"ocean_menu_typo_spacing_unit":"","ocean_menu_link_color":"","ocean_menu_link_color_hover":"","ocean_menu_link_color_active":"","ocean_menu_link_background":"","ocean_menu_link_hover_background":"","ocean_menu_link_active_background":"","ocean_menu_social_links_bg":"","ocean_menu_social_hover_links_bg":"","ocean_menu_social_links_color":"","ocean_menu_social_hover_links_color":"","ocean_disable_title":"on","ocean_disable_heading":"default","ocean_post_title":"","ocean_post_subheading":"","ocean_post_title_style":"","ocean_post_title_background_color":"","ocean_post_title_background":0,"ocean_post_title_bg_image_position":"","ocean_post_title_bg_image_attachment":"","ocean_post_title_bg_image_repeat":"","ocean_post_title_bg_image_size":"","ocean_post_title_height":0,"ocean_post_title_bg_overlay":0.5,"ocean_post_title_bg_overlay_color":"","ocean_disable_breadcrumbs":"default","ocean_breadcrumbs_color":"","ocean_breadcrumbs_separator_color":"","ocean_breadcrumbs_links_color":"","ocean_breadcrumbs_links_hover_color":"","ocean_display_footer_widgets":"default","ocean_display_footer_bottom":"default","ocean_custom_footer_template":"","_joinchat":[],"footnotes":""},"_links":{"self":[{"href":"https:\/\/arinay.es\/index.php\/wp-json\/wp\/v2\/pages\/46"}],"collection":[{"href":"https:\/\/arinay.es\/index.php\/wp-json\/wp\/v2\/pages"}],"about":[{"href":"https:\/\/arinay.es\/index.php\/wp-json\/wp\/v2\/types\/page"}],"author":[{"embeddable":true,"href":"https:\/\/arinay.es\/index.php\/wp-json\/wp\/v2\/users\/1"}],"replies":[{"embeddable":true,"href":"https:\/\/arinay.es\/index.php\/wp-json\/wp\/v2\/comments?post=46"}],"version-history":[{"count":32,"href":"https:\/\/arinay.es\/index.php\/wp-json\/wp\/v2\/pages\/46\/revisions"}],"predecessor-version":[{"id":215,"href":"https:\/\/arinay.es\/index.php\/wp-json\/wp\/v2\/pages\/46\/revisions\/215"}],"wp:attachment":[{"href":"https:\/\/arinay.es\/index.php\/wp-json\/wp\/v2\/media?parent=46"}],"curies":[{"name":"wp","href":"https:\/\/api.w.org\/{rel}","templated":true}]}}